{"id":26832,"date":"2025-05-09T11:55:23","date_gmt":"2025-05-09T11:55:23","guid":{"rendered":"https:\/\/ommegang.be\/event\/historical-procession\/"},"modified":"2026-04-15T15:15:57","modified_gmt":"2026-04-15T15:15:57","slug":"historical-procession","status":"publish","type":"tribe_events","link":"https:\/\/ommegang.be\/en\/event\/historical-procession\/","title":{"rendered":"Historical procession"},"content":{"rendered":"<p>The Ommegang pre-cortege will leave the Parc Royal at 8.45 pm, passing through Place des Palais, Rue Royale, Place Royale, Rue de la R\u00e9gence and Rue Bodenbroek to join the crossbowmen, archers, harquebusiers and fencers in the Sablon.<\/p>\n<p>At 8.25 pm, the arrival of Charles V and the Infante, followed by the re-enactment of the historical procession, which will leave the Sablon at 8.55 pm and pass through the following streets: Rue Lebeau, Place de la Justice, Rue de l&#8217;H\u00f4pital, Place Saint-Jean, Rue Duquesnoy, Rue Infanta Isabelle, Rue March\u00e9 aux Herbes, Rue du March\u00e9 aux Poulets, Boulevard Anspach, Plattesteen, Rue du Lombard, Rue du Midi, Rue des Moineaux, Rue de l&#8217;Etuve, Rue Charles Buls, ending in the Brussels Grand-Place.<\/p>\n<p>During the procession, the Brewers&#8217; Giant will emerge from the Brasserie of the Ommegang on Rue de la Montagne 4, and be placed on the barrel of the Ommegang beer float.<\/p>\n<p>Remember, Charles V was a great lover of beer!<\/p>\n","protected":false},"excerpt":{"rendered":"<p>A grand parade through the streets of Brussels \u2013 starting from the Royal Park and Sablon<\/p>\n","protected":false},"author":1,"featured_media":24621,"comment_status":"closed","ping_status":"closed","template":"","meta":{"_acf_changed":false,"_tribe_events_status":"","_tribe_events_status_reason":"","_tribe_events_is_hybrid":"","_tribe_events_is_virtual":"","_tribe_events_virtual_video_source":"","_tribe_events_virtual_embed_video":"","_tribe_events_virtual_linked_button_text":"","_tribe_events_virtual_linked_button":"","_tribe_events_virtual_show_embed_at":"","_tribe_events_virtual_show_embed_to":[],"_tribe_events_virtual_show_on_event":"","_tribe_events_virtual_show_on_views":"","_tribe_events_virtual_url":"","footnotes":""},"tags":[],"tribe_events_cat":[382],"class_list":["post-26832","tribe_events","type-tribe_events","status-publish","has-post-thumbnail","hentry","tribe_events_cat-festivities","cat_festivities"],"acf":[],"yoast_head":"<!-- This site is optimized with the Yoast SEO plugin v27.3 - https:\/\/yoast.com\/product\/yoast-seo-wordpress\/ -->\n<title>Historical procession - Ommegang de Bruxelles<\/title>\n<meta name=\"robots\" content=\"index, follow, max-snippet:-1, max-image-preview:large, max-video-preview:-1\" \/>\n<link rel=\"canonical\" href=\"https:\/\/ommegang.be\/en\/event\/historical-procession\/\" \/>\n<meta property=\"og:locale\" content=\"en_US\" \/>\n<meta property=\"og:type\" content=\"article\" \/>\n<meta property=\"og:title\" content=\"Historical procession - Ommegang de Bruxelles\" \/>\n<meta property=\"og:description\" content=\"A grand parade through the streets of Brussels \u2013 starting from the Royal Park and Sablon\" \/>\n<meta property=\"og:url\" content=\"https:\/\/ommegang.be\/en\/event\/historical-procession\/\" \/>\n<meta property=\"og:site_name\" content=\"Ommegang de Bruxelles\" \/>\n<meta property=\"article:modified_time\" content=\"2026-04-15T15:15:57+00:00\" \/>\n<meta property=\"og:image\" content=\"https:\/\/ommegang.be\/wp-content\/uploads\/2025\/05\/Ommegang2024M0620.jpg\" \/>\n\t<meta property=\"og:image:width\" content=\"1000\" \/>\n\t<meta property=\"og:image:height\" content=\"1502\" \/>\n\t<meta property=\"og:image:type\" content=\"image\/jpeg\" \/>\n<meta name=\"twitter:card\" content=\"summary_large_image\" \/>\n<meta name=\"twitter:label1\" content=\"Est. reading time\" \/>\n\t<meta name=\"twitter:data1\" content=\"2 minutes\" \/>\n<script type=\"application\/ld+json\" class=\"yoast-schema-graph\">{\"@context\":\"https:\\\/\\\/schema.org\",\"@graph\":[{\"@type\":\"WebPage\",\"@id\":\"https:\\\/\\\/ommegang.be\\\/en\\\/event\\\/historical-procession\\\/\",\"url\":\"https:\\\/\\\/ommegang.be\\\/en\\\/event\\\/historical-procession\\\/\",\"name\":\"Historical procession - Ommegang de Bruxelles\",\"isPartOf\":{\"@id\":\"https:\\\/\\\/ommegang.be\\\/en\\\/#website\"},\"primaryImageOfPage\":{\"@id\":\"https:\\\/\\\/ommegang.be\\\/en\\\/event\\\/historical-procession\\\/#primaryimage\"},\"image\":{\"@id\":\"https:\\\/\\\/ommegang.be\\\/en\\\/event\\\/historical-procession\\\/#primaryimage\"},\"thumbnailUrl\":\"https:\\\/\\\/ommegang.be\\\/wp-content\\\/uploads\\\/2025\\\/05\\\/Ommegang2024M0620.jpg\",\"datePublished\":\"2025-05-09T11:55:23+00:00\",\"dateModified\":\"2026-04-15T15:15:57+00:00\",\"breadcrumb\":{\"@id\":\"https:\\\/\\\/ommegang.be\\\/en\\\/event\\\/historical-procession\\\/#breadcrumb\"},\"inLanguage\":\"en-US\",\"potentialAction\":[{\"@type\":\"ReadAction\",\"target\":[\"https:\\\/\\\/ommegang.be\\\/en\\\/event\\\/historical-procession\\\/\"]}]},{\"@type\":\"ImageObject\",\"inLanguage\":\"en-US\",\"@id\":\"https:\\\/\\\/ommegang.be\\\/en\\\/event\\\/historical-procession\\\/#primaryimage\",\"url\":\"https:\\\/\\\/ommegang.be\\\/wp-content\\\/uploads\\\/2025\\\/05\\\/Ommegang2024M0620.jpg\",\"contentUrl\":\"https:\\\/\\\/ommegang.be\\\/wp-content\\\/uploads\\\/2025\\\/05\\\/Ommegang2024M0620.jpg\",\"width\":1000,\"height\":1502},{\"@type\":\"BreadcrumbList\",\"@id\":\"https:\\\/\\\/ommegang.be\\\/en\\\/event\\\/historical-procession\\\/#breadcrumb\",\"itemListElement\":[{\"@type\":\"ListItem\",\"position\":1,\"name\":\"Home\",\"item\":\"https:\\\/\\\/ommegang.be\\\/en\\\/\"},{\"@type\":\"ListItem\",\"position\":2,\"name\":\"Events\",\"item\":\"https:\\\/\\\/ommegang.be\\\/en\\\/events\\\/\"},{\"@type\":\"ListItem\",\"position\":3,\"name\":\"Historical procession\"}]},{\"@type\":\"WebSite\",\"@id\":\"https:\\\/\\\/ommegang.be\\\/en\\\/#website\",\"url\":\"https:\\\/\\\/ommegang.be\\\/en\\\/\",\"name\":\"Ommegang de Bruxelles\",\"description\":\"L&#039;Ommegang de Bruxelles.\",\"publisher\":{\"@id\":\"https:\\\/\\\/ommegang.be\\\/en\\\/#organization\"},\"potentialAction\":[{\"@type\":\"SearchAction\",\"target\":{\"@type\":\"EntryPoint\",\"urlTemplate\":\"https:\\\/\\\/ommegang.be\\\/en\\\/?s={search_term_string}\"},\"query-input\":{\"@type\":\"PropertyValueSpecification\",\"valueRequired\":true,\"valueName\":\"search_term_string\"}}],\"inLanguage\":\"en-US\"},{\"@type\":\"Organization\",\"@id\":\"https:\\\/\\\/ommegang.be\\\/en\\\/#organization\",\"name\":\"Ommegang de Bruxelles\",\"url\":\"https:\\\/\\\/ommegang.be\\\/en\\\/\",\"logo\":{\"@type\":\"ImageObject\",\"inLanguage\":\"en-US\",\"@id\":\"https:\\\/\\\/ommegang.be\\\/en\\\/#\\\/schema\\\/logo\\\/image\\\/\",\"url\":\"https:\\\/\\\/ommegang.be\\\/wp-content\\\/uploads\\\/2025\\\/04\\\/Logo-Ommegang-2-1.png\",\"contentUrl\":\"https:\\\/\\\/ommegang.be\\\/wp-content\\\/uploads\\\/2025\\\/04\\\/Logo-Ommegang-2-1.png\",\"width\":222,\"height\":53,\"caption\":\"Ommegang de Bruxelles\"},\"image\":{\"@id\":\"https:\\\/\\\/ommegang.be\\\/en\\\/#\\\/schema\\\/logo\\\/image\\\/\"}}]}<\/script>\n<!-- \/ Yoast SEO plugin. -->","yoast_head_json":{"title":"Historical procession - Ommegang de Bruxelles","robots":{"index":"index","follow":"follow","max-snippet":"max-snippet:-1","max-image-preview":"max-image-preview:large","max-video-preview":"max-video-preview:-1"},"canonical":"https:\/\/ommegang.be\/en\/event\/historical-procession\/","og_locale":"en_US","og_type":"article","og_title":"Historical procession - Ommegang de Bruxelles","og_description":"A grand parade through the streets of Brussels \u2013 starting from the Royal Park and Sablon","og_url":"https:\/\/ommegang.be\/en\/event\/historical-procession\/","og_site_name":"Ommegang de Bruxelles","article_modified_time":"2026-04-15T15:15:57+00:00","og_image":[{"width":1000,"height":1502,"url":"https:\/\/ommegang.be\/wp-content\/uploads\/2025\/05\/Ommegang2024M0620.jpg","type":"image\/jpeg"}],"twitter_card":"summary_large_image","twitter_misc":{"Est. reading time":"2 minutes"},"schema":{"@context":"https:\/\/schema.org","@graph":[{"@type":"WebPage","@id":"https:\/\/ommegang.be\/en\/event\/historical-procession\/","url":"https:\/\/ommegang.be\/en\/event\/historical-procession\/","name":"Historical procession - Ommegang de Bruxelles","isPartOf":{"@id":"https:\/\/ommegang.be\/en\/#website"},"primaryImageOfPage":{"@id":"https:\/\/ommegang.be\/en\/event\/historical-procession\/#primaryimage"},"image":{"@id":"https:\/\/ommegang.be\/en\/event\/historical-procession\/#primaryimage"},"thumbnailUrl":"https:\/\/ommegang.be\/wp-content\/uploads\/2025\/05\/Ommegang2024M0620.jpg","datePublished":"2025-05-09T11:55:23+00:00","dateModified":"2026-04-15T15:15:57+00:00","breadcrumb":{"@id":"https:\/\/ommegang.be\/en\/event\/historical-procession\/#breadcrumb"},"inLanguage":"en-US","potentialAction":[{"@type":"ReadAction","target":["https:\/\/ommegang.be\/en\/event\/historical-procession\/"]}]},{"@type":"ImageObject","inLanguage":"en-US","@id":"https:\/\/ommegang.be\/en\/event\/historical-procession\/#primaryimage","url":"https:\/\/ommegang.be\/wp-content\/uploads\/2025\/05\/Ommegang2024M0620.jpg","contentUrl":"https:\/\/ommegang.be\/wp-content\/uploads\/2025\/05\/Ommegang2024M0620.jpg","width":1000,"height":1502},{"@type":"BreadcrumbList","@id":"https:\/\/ommegang.be\/en\/event\/historical-procession\/#breadcrumb","itemListElement":[{"@type":"ListItem","position":1,"name":"Home","item":"https:\/\/ommegang.be\/en\/"},{"@type":"ListItem","position":2,"name":"Events","item":"https:\/\/ommegang.be\/en\/events\/"},{"@type":"ListItem","position":3,"name":"Historical procession"}]},{"@type":"WebSite","@id":"https:\/\/ommegang.be\/en\/#website","url":"https:\/\/ommegang.be\/en\/","name":"Ommegang de Bruxelles","description":"L&#039;Ommegang de Bruxelles.","publisher":{"@id":"https:\/\/ommegang.be\/en\/#organization"},"potentialAction":[{"@type":"SearchAction","target":{"@type":"EntryPoint","urlTemplate":"https:\/\/ommegang.be\/en\/?s={search_term_string}"},"query-input":{"@type":"PropertyValueSpecification","valueRequired":true,"valueName":"search_term_string"}}],"inLanguage":"en-US"},{"@type":"Organization","@id":"https:\/\/ommegang.be\/en\/#organization","name":"Ommegang de Bruxelles","url":"https:\/\/ommegang.be\/en\/","logo":{"@type":"ImageObject","inLanguage":"en-US","@id":"https:\/\/ommegang.be\/en\/#\/schema\/logo\/image\/","url":"https:\/\/ommegang.be\/wp-content\/uploads\/2025\/04\/Logo-Ommegang-2-1.png","contentUrl":"https:\/\/ommegang.be\/wp-content\/uploads\/2025\/04\/Logo-Ommegang-2-1.png","width":222,"height":53,"caption":"Ommegang de Bruxelles"},"image":{"@id":"https:\/\/ommegang.be\/en\/#\/schema\/logo\/image\/"}}]}},"_links":{"self":[{"href":"https:\/\/ommegang.be\/en\/wp-json\/wp\/v2\/tribe_events\/26832","targetHints":{"allow":["GET"]}}],"collection":[{"href":"https:\/\/ommegang.be\/en\/wp-json\/wp\/v2\/tribe_events"}],"about":[{"href":"https:\/\/ommegang.be\/en\/wp-json\/wp\/v2\/types\/tribe_events"}],"author":[{"embeddable":true,"href":"https:\/\/ommegang.be\/en\/wp-json\/wp\/v2\/users\/1"}],"replies":[{"embeddable":true,"href":"https:\/\/ommegang.be\/en\/wp-json\/wp\/v2\/comments?post=26832"}],"version-history":[{"count":3,"href":"https:\/\/ommegang.be\/en\/wp-json\/wp\/v2\/tribe_events\/26832\/revisions"}],"predecessor-version":[{"id":27884,"href":"https:\/\/ommegang.be\/en\/wp-json\/wp\/v2\/tribe_events\/26832\/revisions\/27884"}],"wp:featuredmedia":[{"embeddable":true,"href":"https:\/\/ommegang.be\/en\/wp-json\/wp\/v2\/media\/24621"}],"wp:attachment":[{"href":"https:\/\/ommegang.be\/en\/wp-json\/wp\/v2\/media?parent=26832"}],"wp:term":[{"taxonomy":"post_tag","embeddable":true,"href":"https:\/\/ommegang.be\/en\/wp-json\/wp\/v2\/tags?post=26832"},{"taxonomy":"tribe_events_cat","embeddable":true,"href":"https:\/\/ommegang.be\/en\/wp-json\/wp\/v2\/tribe_events_cat?post=26832"}],"curies":[{"name":"wp","href":"https:\/\/api.w.org\/{rel}","templated":true}]}}

<p>The Ommegang pre-cortege will leave the Parc Royal at 8.45 pm, passing through Place des Palais, Rue Royale, Place Royale, Rue de la Régence and Rue Bodenbroek to join the crossbowmen, archers, harquebusiers and fencers in the Sablon.</p>
<p>At 8.25 pm, the arrival of Charles V and the Infante, followed by the re-enactment of the historical procession, which will leave the Sablon at 8.55 pm and pass through the following streets: Rue Lebeau, Place de la Justice, Rue de l&#8217;Hôpital, Place Saint-Jean, Rue Duquesnoy, Rue Infanta Isabelle, Rue Marché aux Herbes, Rue du Marché aux Poulets, Boulevard Anspach, Plattesteen, Rue du Lombard, Rue du Midi, Rue des Moineaux, Rue de l&#8217;Etuve, Rue Charles Buls, ending in the Brussels Grand-Place.</p>
<p>During the procession, the Brewers&#8217; Giant will emerge from the Brasserie of the Ommegang on Rue de la Montagne 4, and be placed on the barrel of the Ommegang beer float.</p>
<p>Remember, Charles V was a great lover of beer!</p>
